e -m*f + 59 = -94. What is the units digit of f?
1
Let j(c) = -2*c - 2 - 1 + c**2 - 5*c. Let v be j(8). Suppose -v*w + t + 29 = -14, 5*w = -5*t + 25. What is the units digit of w?
8
Suppose -4*a = 2*d - 54, 9*a - 4*a - 2*d - 63 = 0. Let h(y) = -y + 14. What is the units digit of h(a)?
1
Suppose -2*c = 2*c - 36. Suppose 3*k = -3 + c. Suppose -k*d = -14 - 2. What is the units digit of d?
8
Suppose 0 = g + 3*z - 13, 2*z + 12 = -2*z. Let t = g + -13. What is the tens digit of (2 - -1) + t + 2?
1
Suppose 0 = -5*q + 4*f + 328 - 70, 4*q - 207 = 3*f. What is the units digit of q?
4
Let j = -9 + 4. Suppose 3*b + 4*y = 2*b - 5, 4*y = 5*b - 47. Let l = b + j. What is the units digit of l?
2
Let s(d) = d - 1. Let g be s(4). What is the units digit of 6/g - 22/(-2)?
3
Let w = 15 + -10. Suppose 3*h = w + 1. What is the units digit of h?
2
Suppose 2*k = 5*b + 209, 14 = 4*b - 6. Suppose 8 = -4*v, -4*p + 3*v + k = -p. What is the tens digit of p?
3
Let h = 2 - -1. Suppose 0 = -8*t + h*t + 3*y + 21, -2*t = y - 4. What is the units digit of (-3)/((t/(-2))/3)?
6
Let c(z) = 37*z - 1. Let s be c(3). Suppose -6*r + 11*r - s = 0. What is the tens digit of r?
2
Suppose -5*w = 8*w - 78. What is the units digit of w?
6
Suppose -14*c = -9*c - 195. What is the units digit of c?
9
Let o = 80 - 64. What is the units digit of o?
6
Let t(y) = y**3 + 5*y**2 - 7*y - 1. Suppose 4*w + 20 = 3*z + z, -4*w + z - 23 = 0. What is the units digit of t(w)?
5
Suppose 21*s - 6*s = 5310. What is the units digit of s?
4
Suppose 5*m - 4*m = 2. Let y = m - -5. What is the units digit of (-2)/y + (-80)/(-35)?
2
Suppose -5*z = -2*j + 5*j - 26, -2*z + 75 = 5*j. What is the tens digit of j?
1
Suppose 3*j = -j - 4. Suppose -2*w + 4*w - 16 = 0. Let y = j + w. What is the units digit of y?
7
Let j(k) be the first derivative of k**4/4 + 10*k**3/3 + 4*k**2 + k - 9. What is the units digit of j(-9)?
0
Suppose 2*f - 955 = -3*f. What is the tens digit of f?
9
What is the tens digit of -10*(-2)/(-3)*-3?
2
Suppose -i - 8 = 3*i. What is the units digit of (3/(-2))/(i/4)?
3
Let b(m) = -m + 43. What is the tens digit of b(-11)?
5
Suppose -4*u = -g + 3*g - 68, -5*u = -g + 41. What is the units digit of (37 - 1)/(27/g)?
8
Let d(s) = -s**3 - 10*s**2 - s + 5. Let m be d(-10). Let t = m - 6. What is the units digit of t?
9
Let q(s) = s - 5. Let n(i) = 1 - 4 + 3*i + 1. Let u be n(3). What is the units digit of q(u)?
2
Let h = 7 - 4. Let j be (10/h)/(1/3). Let q = -2 + j. What is the units digit of q?
8
What is the tens digit of 12*(3 + 75/12)?
1
Let o = -34 + 37. Let y(n) = -n**3 + 7*n**2 - 7*n + 6. Let c be y(6). Suppose 2*a + o*a - 2*m - 59 = c, -a + 10 = -m. What is the tens digit of a?
1
Let r(j) = -j**3 - 12*j**2 - 17*j - 13. What is the tens digit of r(-11)?
5
Let i = 12 - 1. Let h = -45 - -65. Let j = h - i. What is the units digit of j?
9
Let f(o) = -o**2 + 8*o - 7. Let n be (-280)/(-48) + 1/6. What is the units digit of f(n)?
5
What is the units digit of -1 - ((-1)/(-1) - 8)?
6
Let d(s) = s**3 + 8*s**2 + 1. What is the units digit of d(-8)?
1
Let y = 11 - -174. What is the hundreds digit of y?
1
Suppose -5*z + 8 - 33 = 0. Let f = z + 8. What is the units digit of f?
3
Let z = 70 - 42. What is the units digit of z?
8
Let i = -2 + 2. Suppose i = -z + 4*z. Suppose 9*u - 4*u - 50 = z. What is the units digit of u?
0
Let d(u) = -u + 2. Let x be d(-7). Suppose 0 = -5*i - 5*w, 2*i - 4 - 1 = -3*w. Let t = x + i. What is the units digit of t?
4
Let h be 2/2*(1 + -1). Suppose a + 2 = h, 4*a - 112 = -3*w - 2*w. Suppose 3*y - w = -0*y. What is the units digit of y?
8
What is the tens digit of 12/(-66) + (-640)/(-11)?
5
Let t = 222 + -76. What is the hundreds digit of t?
1
Suppose -r + 33 = -24. What is the units digit of (-6)/(-4) - r/(-6)?
1
Suppose 21*i = 23*i - 64. What is the units digit of i?
2
Let z = 75 + -46. Suppose 0 = -w + z - 9. What is the tens digit of w?
2
Let s(k) = -k**3 - 4*k**2 + 6*k + 6. Let g(i) = i**3 + 4*i**2 + i. Let j be g(-4). Let c = -9 - j. What is the units digit of s(c)?
1
Let t = -7 + 11. Suppose 27 = -o + t*o. What is the units digit of o?
9
Suppose 14 = 4*q + 5*n, -32 = -4*q + 3*n + n. Let d(k) be the first derivative of -k**4/4 + 7*k**3/3 - 5*k**2/2 - 3*k - 1. What is the units digit of d(q)?
3
Let g = 127 + -49. What is the units digit of g?
8
Let g(o) = o + 0*o + o**2 + 0*o**2 + 2 + 0*o. What is the units digit of g(3)?
4
Let q = -4 - -3. Let h(d) = 10*d + 8. Let r(o) = o + 1. Let n(m) = q*h(m) + 6*r(m). What is the units digit of n(-2)?
6
Let m(a) = 19 + 7 - 4 + a. What is the units digit of m(0)?
2
Suppose 4*t = -8*g + 3*g + 438, g - 3*t - 99 = 0. What is the units digit of g?
0
Suppose 4*p = 4*a + 136, 4*p - 3*a = 2*p + 72. What is the tens digit of p?
3
Suppose g - 2*s = -5*s + 25, 35 = g + 5*s. Let m(t) = 3*t - 4 - 2*t**2 - g*t + 3*t**2. What is the units digit of m(8)?
4
Suppose -49 = -5*y + 2*g, 2*y + 0*g - g = 19. Let q = -13 - -6. Let k = y + q. What is the units digit of k?
4
Let t = -1 + 3. Suppose -t*i = -16 - 4. What is the units digit of i?
0
Suppose 32 = 2*x + 2*x. Let h = x + -2. What is the units digit of h?
6
Let q(p) = p**3 - 3*p**2 - 2*p + 4. What is the units digit of q(4)?
2
What is the tens digit of (-534)/(-14) + 6/(-42)?
3
Let q be 2/(-7) + (-12)/(-42). Suppose 2*o + 2 + 2 = q. What is the units digit of ((-52)/(-16))/(o/(-8))?
3
Let j = 600 - 290. What is the hundreds digit of j?
3
Suppose -m - 15 = -4*r - 0*m, -17 = -5*r + 3*m. Suppose -2*s + r*o + 8 = -10, -s - 1 = 3*o. What is the units digit of s?
5
Let j = 29 + -18. What is the units digit of j?
1
Let v = 48 + 17. What is the units digit of v?
5
Let t(l) = -65*l - 6. What is the hundreds digit of t(-2)?
1
Suppose v - x = 78, 3*v + 0*x + x - 218 = 0. What is the tens digit of v?
7
Let i = 6 - 3. What is the units digit of (-2)/i - (-28)/6?
4
Let j(m) = -7 + 3 - m - 3. Let c be j(5). What is the units digit of ((-6)/(-4))/(c/(-64))?
8
Suppose -184 = -4*u + 3*f + f, 4*u - 219 = -3*f. Suppose 7 = -4*m + u. What is the tens digit of m?
1
Let l(u) = -u**3 + 6*u**2 - 8*u + 3. Let k be l(5). What is the tens digit of k*(21/2)/(-7)?
1
Let i be (-8)/(-2) - (-7 + 1). Let o = i + -6. What is the units digit of o?
4
Let g(i) = 4 - 1 - 2*i**2 + 0 - 4*i. Let w be g(2). Let h = -6 - w. What is the units digit of h?
7
What is the units digit of (0 + 2 - 1) + (-264)/(-6)?
5
Let j = 6 - 11. Let z = j + 7. What is the units digit of (-2)/(-2) + z + -2?
1
Let i = -88 - -60. Let g = -15 - i. What is the tens digit of g?
1
Suppose 2*f = f. Suppose 5*a + 2*c - 52 = f, 2*a + 5*c - c = 8. What is the tens digit of a?
1
Let x(q) = q**3 - 4*q + 8. Let m be x(4). Let f = 95 - m. What is the units digit of f?
9
Suppose -4*v - 8 = -0, 2*k - 5*v = 14. What is the units digit of k?
2
Let n(i) = i - 4. Let o be n(6). Suppose -j + 3*j - 4 = 0. Suppose o*k = 3*r - 7, k + 24 = j*k + 4*r. What is the units digit of k?
4
Suppose 40 = -2*u + 6*u. What is the tens digit of u?
1
Let t be ((-2)/2)/(1/(-4)). Suppose z = -z + t. Suppose -z*f + 2 = -0*f. What is the units digit of f?
1
Let z = 2 - 2. Let n = -3 + z. Let d = 15 + n. What is the tens digit of d?
1
Suppose -m - 347 = -5*r, -2*r - 286 = -6*r - 2*m. What is the units digit of r?
0
Let c = -341 + 540. What is the hundreds digit of c?
1
Suppose 2*d = 5*t - 1929, 2*d + 1542 = 4*t - 0*d. What is the units digit of t?
7
Suppose s + 3*s = 8. Suppose -2*x + 30 = 2*t, 2*t = s*x - 2*t - 42. What is the tens digit of x?
1
Let j(g) = g**3 + 6*g**2 - g. Let w be j(-3). Suppose 2*s - w = -3*s. What is the units digit of s?
6
Let d = 67 - 6. What is the units digit of d?
1
Let o(l) = 4*l**3 - l**2 + l - 1. Let f be o(1). Suppose 0*n + 3*y + f = 2*n, 5*n = -3*y + 39. What is the units digit of n?
6
Let t = -4 - 2. Let p = t - -10. Suppose -p*l - 6 = -14. What is the units digit of l?
2
Let l(w) = -w**3 + 17*w**2 + 25*w - 5. What is the hundreds digit of l(18)?
1
Suppose -6 = 2*m, -4*p - 5*m = -p - 15. What is the tens digit of p?
1
Let m(t) = -t**3 - 6*t**2 - 2*t - 9. Let y be m(-6). Suppose -y*o + 3 = 6. Let j = o + 5. What is the units digit of j?
4
Let m be ((-4)/(-12))/((-2)/(-36)). Suppose b - 28 = -m. What is the units digit of b?
2
Let b = -97 - -141. Suppose -3*t + b = -40. What is the t